q - 6*q + 19298 = 0, 2*w - 9629 = -5*q. Let i = w - 3225. What are the prime factors of i?
2, 3, 89
Suppose k - 96 = -28. Let d = k + -64. Suppose -d*w - 48 + 184 = 0. What are the prime factors of w?
2, 17
Suppose 4*t + 0*q - 20592 = -2*q, -16 = 4*q. List the prime factors of t.
2, 5, 103
Let a = -268 + 259. List the prime factors of 3 + (-232)/3*a.
3, 233
Let f be 2 + (0 - 1/1). Suppose 0 = 4*j - 2*r + 8, 0*j + 2*r = 2*j + 8. List the prime factors of (1 + j + 0)*84/f.
2, 3, 7
Suppose 768955 + 5637349 = 214*w. What are the prime factors of w?
2, 1871
Let d = 156159 - 85153. List the prime factors of d.
2, 13, 2731
What are the prime factors of ((-6508)/18)/(9/(-81))?
2, 1627
Let x = -176 + 181. Suppose -572 = -2*q - x*o, 0 = -2*o - 0*o. What are the prime factors of q?
2, 11, 13
List the prime factors of (-6*(-3)/18)/((-7)/(-259294)*2).
18521
Let f = -89 + 5196. List the prime factors of f.
5107
Let r(d) = -3*d**3 - 8*d**2 - d - 7. Let k be r(-6). Suppose -137*m - 1885 = 24008. Let u = m + k. What are the prime factors of u?
2, 5, 17
What are the prime factors of (40 - (-7 + 72))*(1 - 1500)?
5, 1499
Let j = -5318 + 10882. Suppose -15*w = -2*w - j. List the prime factors of w.
2, 107
Suppose 3*h - 2*n - 199 = 0, h = 6*h + 3*n - 338. Suppose 284 = -63*j + h*j. What are the prime factors of j?
71
Suppose 4*h - 56032 = -8*m + 6*h, -2*m - 4*h = -14026. What are the prime factors of m?
3, 5, 467
Let l = -6641 + 9533. List the prime factors of l.
2, 3, 241
Suppose 11718 = -2*k - 7*k + 89892. List the prime factors of k.
2, 43, 101
Let u(o) = -4*o - 166. Let l be u(-42). Suppose 0 = -b - 0*b + 2. Suppose l*p - 65 = -b*a + p, -a + p = -28. List the prime factors of a.
31
Suppose -255*i + 246*i = -27. Suppose -5*j - 2*x = 2*x - 3311, 0 = -i*j - x + 1988. List the prime factors of j.
3, 13, 17
Suppose -5*g = 14*g - 114. What are the prime factors of ((-4128)/120)/(g/(-15))?
2, 43
Let c(t) = -3*t**2 - 30 - 16*t + 4*t**2 - t. Let j(z) = 22*z**3 - 3*z**2 + 25*z - 23. Let g be j(1). List the prime factors of c(g).
2, 3
Suppose 32741 = 40*f + 1021. What are the prime factors of 46/115 - f/(-5)?
3, 53
Let r = 537 + -544. Let v(x) = -13*x**2 - 16*x**2 + 32*x**2 - 6 - 22*x. List the prime factors of v(r).
5, 59
Let j(v) = v**3 + 12*v**2 - 18*v - 38. Let p = -236 - -226. What are the prime factors of j(p)?
2, 3, 19
What are the prime factors of 136/51*(-171099)/(-24)?
3, 6337
Let y(c) = c**3 - c**2 - 2*c + 8. Let n be (-3)/(6*4/(-32)). Let j be y(n). Suppose 7*o = o + j. What are the prime factors of o?
2
Suppose y - 450944 = -2*y - 29*y. What are the prime factors of y?
2, 13, 271
List the prime factors of (-12)/7 + (-30)/105 - -9556.
2, 17, 281
Suppose -l = k + 4*k - 3010, 0 = 3*l - k - 9062. Suppose 2414 = 4*m - 5*i, m + l = 6*m - 5*i. What are the prime factors of m?
2, 3, 101
Let l = -1087 + 3157. Let b be l/16 - (-51)/(-136). Let r = b - 68. List the prime factors of r.
61
Let x(r) = -8*r + 11. Suppose 0 = 7*n - 3*n - 8. Let i be x(n). List the prime factors of (50/(-8))/((-396)/(-80) + i).
5
Let b be ((-5)/(-20)*-12)/(0 + -1). Let k be 2/(-4)*(-632)/1. Suppose b*v - k = -v. What are the prime factors of v?
79
Suppose a + 12 = 12. Suppose 2*s - 40 - 68 = a. Suppose d - 17 = s. List the prime factors of d.
71
Suppose -16 = 4*a, -a + 8 = -38*g + 42*g. Suppose g*l = -t + 291, -5*t + 1407 = -l + 4*l. List the prime factors of t.
3, 31
Suppose 0 = -24*g + 95822 + 106761 - 9383. List the prime factors of g.
2, 5, 7, 23
Suppose 0 = -27*a - 12274 - 9299. Let i = 950 + a. List the prime factors of i.
151
Let w = -249 - -233. List the prime factors of (w/32)/((-1)/2654) + -2.
5, 53
Let j(t) be the third derivative of t**4/12 - 5*t**3/2 - 3*t**2. Let c be j(11). Suppose x - 3*u - 28 = c, -64 = -2*x + 3*u. What are the prime factors of x?
29
Let i(g) = 30522*g - 700. What are the prime factors of i(1)?
2, 13, 31, 37
Suppose 0 = 16*f + 43*f - 88944 - 227178. What are the prime factors of f?
2, 3, 19, 47
Suppose -3*a + 4*t = -23, 2*a - 15 = a + 5*t. Suppose -a*r = -5*k - 31 - 14, 24 = 5*r + 2*k. List the prime factors of 0 + (r - 3) - -44.
47
Let i(t) = t**3 - 7*t**2 + 12*t + 7. Let h be i(5). Suppose 21*d - 2100 = h*d. List the prime factors of d.
3, 5, 7
Let l = 37 + -42. Let j be 15/6*12/15. List the prime factors of -1 + j - (-89 + l + 1).
2, 47
Let q = 94589 + -41643. List the prime factors of q.
2, 23, 1151
Let u(x) = -1134*x - 2904. List the prime factors of u(-65).
2, 3, 11801
Suppose -9*f - 37 + 10 = 0. List the prime factors of (116/3)/(f/(-18)).
2, 29
What are the prime factors of 18/(-2) + (45981 - 23)?
45949
Let s be (1 + 1)/2 - -4. Suppose 0 = 105*w - 107*w + 84. Suppose 0 = -n - 4*k + w + 36, s*n = -3*k + 424. What are the prime factors of n?
2, 43
List the prime factors of (-1)/((-5*(-2)/1190)/(-91)).
7, 13, 17
Let i = -43 + 50. Suppose -m - 232 = i*l - 8*l, 2*l + m - 452 = 0. What are the prime factors of l?
2, 3, 19
Let k(c) = -c**3 + c**2 + c + 1. Let l(o) = 13*o**3 + 2*o**2 + o - 3. Let s(d) = -k(d) + l(d). Let t be s(3). Let u = 542 - t. List the prime factors of u.
3, 53
Suppose -4*c + 35*x - 37*x = -196240, 784930 = 16*c + 3*x. What are the prime factors of c?
49057
Let h(f) = 556*f**2 - 94*f - 3. What are the prime factors of h(-3)?
3, 587
Let l = 66 + -45. Suppose -29 = -2*k - l. List the prime factors of (-804)/18*(-6)/k.
67
Let f(b) = -96*b**3 - 11*b**2 - 10*b - 5. What are the prime factors of f(-4)?
3, 23, 29
Suppose 7*u = 5*s + 8*u - 36, -5*u - 2 = -s. List the prime factors of 224 + s/(-14)*-12.
2, 5, 23
Let g(n) = n**3 + 27*n - 336. What are the prime factors of g(14)?
2, 7, 199
Let d(v) = -31*v + 20. Let h be d(1). Let r(b) = -b**3 - 10*b**2 + 7*b - 16. What are the prime factors of r(h)?
2, 7
Let r(f) = 2*f**2 - f - 20. Let j(l) = l**2 - 8*l - 10. Let u be (5 - 112/24)/(2/60). Let d be j(u). What are the prime factors of r(d)?
2, 5, 17
Let r(l) = 4*l + 51. Let n be r(-12). List the prime factors of (2/4)/(n/2034).
3, 113
Let t(m) = 198*m + 9023. What are the prime factors of t(42)?
7, 2477
List the prime factors of 8*50/40 + 25748.
2, 3, 53
Suppose 140*g - 375 = 80*g + 75*g. Suppose 5 - 4 = -p. List the prime factors of p*(g - (-2)/(-1)).
3
Suppose -10*q + 64980 = 17713 - 25323. What are the prime factors of q?
7, 17, 61
Let g(q) = 2*q**2 + 16*q - 45. Let i be g(-12). Suppose 3*y = -2*b + i, -2*b + 4*y + 36 = 2*y. List the prime factors of b.
3, 7
Let m(x) = -7*x + 4. Let y(u) = u**3 - 15*u**2 + 16*u - 24. Let p be y(14). Let v be ((-176)/(-24))/(p/(-6)). List the prime factors of m(v).
3
Let h(t) = t**3 - 15*t**2 - 8*t + 296. List the prime factors of h(33).
2, 9817
Let f be (0/(-2))/(3/1 + -1). Suppose -11*t + 14*t - 33 = f. Let i = t - -57. What are the prime factors of i?
2, 17
Suppose 5*x - 161 = 4459. Suppose 22*i = 31*i. Suppose i = -5*q + x + 281. List the prime factors of q.
241
Suppose -3*f + 21 + 3 = 0. Suppose f + 2 = 2*g. Suppose 2*z + g*a = 84, -3*z + 2*a = 7*a - 131. List the prime factors of z.
47
Let s(b) = -96*b - 3603. What are the prime factors of s(-109)?
3, 2287
Let u be (-26)/52 - 5/2*1. List the prime factors of (2 + 2624/(-12))*u/1.
2, 5, 13
Let v(f) = -586*f**3 - 8*f**2 + 276*f + 850. What are the prime factors of v(-3)?
2, 3943
Let z be 63/42 + 3/6. What are the prime factors of (869/z)/((-6)/(-12))?
11, 79
Let z be -3 - (-6 + (-3 - -10 - 4)). Suppose -10*i - 783 + 2773 = z. List the prime factors of i.
199
Suppose 36*z = 31*z + 75. Let s be (-526)/10 + 9/z. Let a = -24 - s. List the prime factors of a.
2, 7
Let m(f) = 22*f**2 + 30*f - 8. List the prime factors of m(12).
2, 5, 11
Let w = -15598 - -25825. List the prime factors of w.
3, 7, 487
Let k be (-13 - -13)/(3/(-1)). List the prime factors of 301 + (-3 - (k - -3)).
5, 59
Let l(t) = -t**2 - 13*t - 36. Let v be l(-5). Suppose 4*c = 0, -v*c + 1 = -4*q + 17. Suppose -q*a + 454 + 174 = 0. What are the prime factors of a?
157
Suppose 49 = 11*m - 4*m. Let h(o) = o**3 - 6*o**2 - 11*o + 29. Let s be h(m). What are the prime factors of s + (938/4)/7*2?
2, 17
Let b(g) = -3*g - 11. Let t(k) = 362*k - 341*k + 18 + 60. Let i(h) = -27*b(h) - 4*t(h). List the prime factors of i(-16).
3, 11
Suppose -6*s = -0*s - 30. Let o be 1008/120 + (-2)/s. List the prime factor